) = 5*r - 5. Let w be h(0). Let u be w + 12 - 3/1. Determine l(u).
4
Let s(n) be the first derivative of -2*n**3/3 + 3*n**2/2 + 10036. What is s(2)?
-2
Let q(c) be the third derivative of -c**7/2520 + c**6/90 - 3*c**5/20 + c**4/6 + 2*c**2 - 17*c. Let r(p) be the third derivative of q(p). Calculate r(13).
-18
Let f(l) = -l - 8*l**2 - 113 - 8*l**3 + 224 - 139. Let w(i) = 7*i**3 + 7*i**2 + i + 28. Let u(o) = 6*f(o) + 7*w(o). Let n = -2 - -2. Determine u(n).
28
Let s = -6 + 13. Let x(b) be the second derivative of -7/2*b**2 - 15*b - 1/12*b**4 + 0 + 3/2*b**3. Calculate x(s).
7
Let i(n) be the third derivative of -1/24*n**4 + 1/15*n**5 + 1/6*n**3 + 6*n + 0 + 1/120*n**6 - 8*n**2. Suppose 2*k - 1 + 9 = -3*u, -3*u - 10 = k. Give i(u).
5
Let m(j) be the second derivative of j**3/3 + 2*j - 1912. Suppose 0 = -5*y - 3 - 22. Let r = 1 + y. Calculate m(r).
-8
Let m(r) = -4*r**2 - r + 2. Let w be 100/30*(-414)/(-10). Suppose 7*l - w = -152. Calculate m(l).
-12
Let v(z) be the first derivative of -1/2*z**2 - 3*z - 87. Give v(-3).
0
Let h(j) = j**2 + 16*j - 17. Let z be 1*((-2)/(-11) - (-189)/(-11)). What is h(z)?
0
Let q(y) = 2*y - 1. Let w(h) be the second derivative of 5*h**3/6 + 5*h**2/2 + 83*h. Let z(m) = 2*q(m) - w(m). Calculate z(-5).
-2
Suppose -12*u + 20*u + 228 = 4*a, 5*u + 4*a + 123 = 0. Let d(q) = -q**2 - 22*q + 139. Calculate d(u).
4
Let d(i) = -703*i - 4*i**2 + i**3 - 10*i**2 - 4 - 2*i**2 + 732*i. Give d(14).
10
Let k(o) be the second derivative of -3*o**5/10 + 6*o**4 - o**3/6 + 27*o**2/2 + 4*o + 1955. Calculate k(12).
15
Let j(m) = m**2 + 7*m + 6. Suppose -8*v + 3*v = -3*f + 30, v + 3*f = -6. Give j(v).
0
Let y(z) = -12*z - 34. Let k be y(-3). Let m(b) = 0*b**2 - 20 - 2*b**k - 5*b + 41 - 19. Give m(-4).
-10
Let k(n) = -n + 6. Let i be (-52)/(-16) - (-3)/(-12). Let w be k(i). Let z(v) = 6*v + 4. Determine z(w).
22
Let c be -6 - (-4 + 11 + -1). Let b be (-16)/c + -1 - 2/6. Let g(y) = -y**3 + 2*y**2 - y - 5. Determine g(b).
-5
Let s = 176 + -161. Let u(a) = s - 7*a + 2*a - 7 + 6*a. Calculate u(-15).
-7
Let n(d) be the first derivative of -3*d**4/4 + 20*d**3/3 + 3*d**2 + 9*d + 1762. Give n(7).
2
Let i(d) = -8*d - 2*d + 10*d - 1 - d. Let m(v) = 3*v**2 + 2*v + 4. Let p = -70 - -71. Let s(o) = p*m(o) + 3*i(o). What is s(1)?
3
Let v(f) = -433*f - 658*f + 1097*f - 2*f**3. Determine v(4).
-104
Let y(m) = 165*m + 88. Let t(j) = -36*j - 22. Let w(k) = 9*t(k) + 2*y(k). Give w(6).
14
Let i be (3735/(-1743))/(5/(-21)). Let r(o) be the second derivative of -o**3/6 + 6*o**2 - o. Calculate r(i).
3
Let v(d) = 2*d**2 + 7*d + 11. Let x be (-215)/258*(-6)/(-4)*4. What is v(x)?
26
Let m(p) = p - 1. Let o(f) = -f**2 - 5*f + 6. Let v(b) = -3*m(b) - o(b). Let r be 281/(4/8*2). Suppose 0 = 5*k + 296 - r. What is v(k)?
0
Let n(w) = 20*w**3 + w**2 - w - 3. Let c(d) = d**2 - 1. Let i(v) = 2*c(v) - n(v). Let f be (-8 - -2)/24 - 18/24. What is i(f)?
21
Let b(h) = -32*h**3 - h**2 - 2*h - 1. Suppose 0 = 11*c + 244*c + 255. Determine b(c).
32
Let h(t) = -t**3 - 3*t**2 - 2*t + 1. Let j be (3 + -3)/(-2) - (-8 + 7). Let x be (10/6 - j)*(-2 - 4). Calculate h(x).
25
Let w(n) be the first derivative of -n**3 - 17*n**2 + 3*n - 3776. Calculate w(-11).
14
Let c(o) = o**2 + 1 + 5 - 10*o + 2*o + 10*o. Suppose -12*x - 3*b = -10*x + 7, -3*x - b - 14 = 0. Calculate c(x).
21
Let o(d) be the third derivative of -d**4/6 - 4*d**3/3 + 395*d**2. Calculate o(-6).
16
Let z(s) = -s - 1 - 389*s**2 + 382*s**2 - 4*s - 3*s + 0 + 7*s**3 - 8*s**3. Let k = -5 + 9. Let l(u) = -3*u + 6. Let r be l(k). Determine z(r).
11
Let r = -16895 + 16883. Let s(b) = -b**2 - 12*b - 21. Determine s(r).
-21
Let h(i) = -16*i + 14. Let g be 3*-1 - (-143)/(1859/130). Determine h(g).
-98
Let h(i) = -3*i - 14. Let l = 220 - 218. Suppose l*b + 7*b = -54. What is h(b)?
4
Let u(p) = -9*p + 63. Let h(a) = -3*a + 19. Let w(c) = -7*h(c) + 2*u(c). Give w(-3).
-16
Let x(k) = 2*k**3 + 59*k**2 + 45*k + 189. Let p(r) = r**3 + 30*r**2 + 22*r + 104. Let g(d) = -7*p(d) + 4*x(d). Determine g(-25).
3
Suppose -o - 15 = -4*n, -3*n + 0*o + 10 = -2*o. Suppose -n*w + 27 = 5*w. Let x(k) be the first derivative of -k**2/2 - 2*k + 1. Determine x(w).
-5
Suppose -5*b + 4*m - 14 = 12, 18 = -3*b + 3*m. Let i be b/(-14) + 1476/(-42). Let q be (-2)/(-7) + (-25)/i. Let s(r) = -4*r**3 - 2*r**2 + 1. Calculate s(q).
-5
Let d(k) = 2 + 4*k**3 + 1 - 3*k + k + 2*k**2. Let w be 15 + ((-318)/30 - 168/70). What is d(w)?
39
Let q = -38 + 31. Let d(z) = 3*z + 8*z + z**2 - 3*z + 0 + 2. Determine d(q).
-5
Let y = 7828 - 7825. Let t(d) = 8*d - 1. Calculate t(y).
23
Let p be 49/28 - (-21)/4*(-17)/119. Let n(r) = -63*r**2 + 2*r - 3. Determine n(p).
-64
Let w(a) be the first derivative of -1/20*a**5 + 5/6*a**3 - 3/2*a**2 - 1/4*a**4 + 21*a - 21. Let z(v) be the first derivative of w(v). Determine z(-4).
-7
Let u(k) be the second derivative of -2*k**3/3 + k**2/2 + 11*k - 34. Let g be (-1)/3 + (-11)/3. Let p(f) = f**2 + 4*f - 4. Let s be p(g). Give u(s).
17
Let a(y) be the second derivative of -2 + 1/6*y**3 - 1/2*y**2 + 36*y. Let f = 6 + -5. Give a(f).
0
Suppose -u - 81 = 2*p - 78, -u - 6 = p. Let w(d) = -d**3 - 10*d**2 - 13*d - 12. What is w(u)?
24
Let r(g) = -2*g**3 - g**2 - 3. Let x(f) = -f**3 - f**2 - 4. Let v(h) = -r(h) + x(h). Determine v(-2).
-9
Let i(d) = -2*d + 13. Let f be i(7). Let n be (f - 8)/(3/(-17)). Let y = 56 - n. Let k(h) = h - 2. What is k(y)?
3
Let l be (-4 + 6)/(441/(-54) + 8). Let t(w) = -19*w - 52. Determine t(l).
176
Let r(h) = -12*h - 11. Let d(y) = 4*y + 4. Let i(l) = -17*d(l) - 6*r(l). Let u be (-5)/((-25)/5)*-1. Let m be (-6 + 3 + 3)/u + 2. Give i(m).
6
Let w(u) = 2*u + 15. Let q(k) = k + 1. Let n(x) = 4*x - 3. Let p(r) = n(r) - 5*q(r). Let s(t) = -5*p(t) - 2*w(t). Calculate s(-5).
5
Let a(u) = -27*u**3 + 18*u**2 - 16 + 49*u**3 - 21*u**3 + 17*u + 59. Calculate a(-17).
43
Let t(h) = -52*h**2 - 20*h + 20. Let s(p) = -18*p**2 - 7*p + 7. Let q(u) = -14*u + 39. Let b be q(4). Let m(n) = b*s(n) + 6*t(n). Give m(1).
-6
Let d(y) be the second derivative of 7*y**4/24 - y**3/3 + 118*y**2 + 103*y. Let a(s) be the first derivative of d(s). Suppose h + 1 = 3. Give a(h).
12
Let h = 20/49 - 11/147. Let i(r) be the first derivative of -6 - 3*r**2 + h*r**3 - 3*r. Give i(7).
4
Suppose 10*t - 128 = -6*t. Let r(k) = k**3 + 2*k + t*k - 1 - 14*k**3 - 8*k - k**2. Suppose -2*q + 2 = -0*q. What is r(q)?
-13
Let i(g) = 37*g + 9. Let k(z) = -50*z - 12. Let o(p) = 9*i(p) + 7*k(p). Give o(-5).
82
Let n = -17 - -31. Suppose -n = 3*a - 29. Suppose 0 = -a*b + 4 + 16, 2*v = -b - 12. Let s(u) = u**3 + 9*u**2 + 7*u - 10. Give s(v).
-2
Suppose 3*m = 12, -x + 629*m = 623*m + 25. Let y(c) = -14*c - 13*c + 3*c. What is y(x)?
24
Let l(r) = 15 - 13*r - 10*r + 25*r + 13 - 9. Calculate l(-6).
7
Let v(t) = -2*t**3 - 8*t**2 + 5*t + 8 + 0*t**2 + 2*t**2 + t**3. Let f(m) = -10*m - 16. Let r be f(-1). Calculate v(r).
-22
Suppose -3*s - y = 3, -4*s = 5*y + 468 - 431. Let z(k) be the third derivative of 1/24*k**4 - 17/6*k**3 + 0 + 0*k - 38*k**s. Give z(9).
-8
Let o be -8*(-3)/(7 + -4). Suppose -o = -c - 2. Let m(x) = -x + 10 - c + 0*x. Calculate m(2).
2
Suppose -15*m = -2*m - 65. Let b(n) = -n**2 - 3*n + 5. Let i be b(0). Let p(x) = 2*x + x**2 + 2*x - i*x - 7. Give p(m).
13
Let v be ((-32)/18)/8 + 1004/(-18). Let i = -54 - v. Let m(o) = -3*o + 2 - 55*o**2 + 54*o**i + 9*o. Give m(8).
-14
Let m(k) = -13*k**3 + 14*k**3 + 11000*k**2 - 3 - 11009*k**2 + 9*k. Let c = 17 + -9. Give m(c).
5
Let l(p) = -3*p - 1. Let o(h) = -h**3 - 4*h**2 + 7*h + 10. Let v be o(-5). Let i(r) = 15*r + 3*r**2 + 20 - 4*r - 2*r**2 + v*r**2. Let w be i(-9). Give l(w).
-7
Let j be ((-49)/(-133))/(5/95). Let u(d) be the third derivative of -d**5/60 + d**4/3 - d**3 - 3*d**2. What is u(j)?
1
Let n(u) = u**2 + 200*u - 4860. Let y be n(22). Let d(w) = -10*w + 238. Calculate d(y).
-2
Let r(p) = -p**2 + 3*p + 18. Let j = 5676 - 5671. Give r(j).
8
Let f be (-1 - 0/(-1))*(147 + -28). Let m = f - -123. Let t(i) = -2*i - 4. Determine t(m).
-12
Let z(f) be the second derivative of -4*f**3/3 - 18*f**2 - 469*f. What is z(-7)?
20
Let p(w) be the first derivative of -2*w + 70 + 4*w**3 + 1/4*w**4 + 11/2*w**2. Calculate p(-11).
-2
Let p(i) be the second derivative of -i**4/6 + i**3 - 19*i**2/2 - 34*i + 148. Calculate p(0).
-19
Let n(x) = 325*x + 9*x*